2 + 148 = l. Suppose 5*m = -t + c, t - 24 = -4*m + 22. What is the tens digit of m?
1
Suppose 2*r + 48 = -b - 0*b, -b = 0. Let z = r + 34. What is the units digit of z?
0
Let i(n) = 5*n + 3. Let r be i(2). Suppose 4*h + x = 79 + 67, -x = 2. Suppose -r = -5*f + h. What is the units digit of f?
0
Let n be (-197)/(-4) + (-6)/24. Suppose 4 = -5*d + n. What is the units digit of d?
9
What is the tens digit of 1*-15*(-192)/72?
4
Suppose 6 = 2*z - 4*s, -5*s = -4*z - 4*s - 2. What is the units digit of z - (4/1 - 32)?
7
Let p(t) = 2 + t + 2 + 0*t. What is the tens digit of p(6)?
1
Let o(r) = r**2 + 5*r + 2. Let v(f) = 3*f**2 + 14*f + 6. Let d(u) = -17*o(u) + 6*v(u). Let w = -5 - -8. What is the units digit of d(w)?
8
Let v(d) = -d**3 + 5*d**2 + 4*d + 1. Let u = 7 + -2. What is the units digit of v(u)?
1
Let p be 2/9 + 140/18. Suppose y = -6 + p. Suppose -y*r + 6 = -2. What is the units digit of r?
4
What is the tens digit of (-5 - 78/(-18))*-30?
2
Suppose -3*u + 156 = 5*z, 18 - 118 = -3*z - 5*u. Suppose -p + 10 = 3*v, z = 3*p + 4*v - 0. Suppose -5*x = -p*x + 50. What is the tens digit of x?
1
Let h = -95 + 141. What is the tens digit of h?
4
What is the hundreds digit of ((-42)/(-12))/(2/204)?
3
Let v be 2 - (-1)/(-3)*0. Suppose 7*o - v*o = 75. What is the units digit of o?
5
Let c(z) = 6*z**2 - z. Let i be c(1). Let o = i + 8. What is the tens digit of o?
1
Let v be (-344)/(-24) + (-4)/(-6). Suppose 0*o = 3*o - v. Suppose 5 = -4*z + o*w - 2*w, z = 4*w - 11. What is the units digit of z?
1
Let p(r) = r + 1. Let b be p(1). Let j(i) = -2 - 3*i + i**2 + 1 - b. What is the units digit of j(-2)?
7
Let p = -1 - -3. Let d = -2 + p. Suppose d = w - 5. What is the units digit of w?
5
Suppose 2*d + 60 = 5*d. Let s(z) = 2*z + 1. Let g be s(2). What is the units digit of ((-2)/g)/((-8)/d)?
1
Let c = 41 + -32. What is the units digit of c?
9
Let x be 22/(-4) + (-2)/4. Let j(q) = -q**2 - 7*q + 6. What is the tens digit of j(x)?
1
Let y(a) = -12*a + 7. Let z(c) = 36*c - 21. Let n(b) = -8*y(b) - 3*z(b). What is the units digit of n(-4)?
5
What is the tens digit of ((-12)/(-14)*-1)/((-1)/42)?
3
Let g(o) = -o**2 - 6*o - 14. Let m = -4 - 1. Let d(j) = j**2 + 7*j + 13. Let i(p) = m*d(p) - 4*g(p). What is the units digit of i(-9)?
9
Let r(l) = 4*l**3 + 3*l + 2. What is the units digit of r(3)?
9
Let y(n) = n + 4. Let s be y(-7). Let j(z) = 3*z**2 + 323 - 2*z**2 - 324 - z. What is the units digit of j(s)?
1
Suppose 3*y + 110 = x, 2*x - 174 - 62 = -2*y. What is the tens digit of x?
1
Let s = -12 - -159. What is the tens digit of s?
4
Let z = -4 - -2. Let k = z - -35. What is the units digit of k?
3
Suppose -20 = -5*d - n, -d + 3*n = 4*n - 8. Suppose 5*b - 14 = 1. Suppose -3*r + 7 = m, -b*m = 2*r + r - d. What is the units digit of r?
3
Suppose -3*y + 43 = 4*d, -3*d = -4 - 8. Suppose y = -4*a + 29. What is the units digit of a?
5
Suppose 3*d = -12, -4*d + d - 762 = -3*c. What is the tens digit of c?
5
What is the tens digit of 236/3 + (10/(-6) - -2)?
7
Suppose -2*d - 4*r = -100, d = 6*d - 3*r - 198. Let i be (0 + (-2)/(-6))*d. Suppose -k + 2*j = -2*k + i, -5*k + j = -81. What is the tens digit of k?
1
Suppose 3*o - 3*u = -2*u - 79, 5*u = -2*o - 81. Let x = o + 58. What is the units digit of x?
0
Suppose 3*k = 8*k + 2*l + 8, -4*l = 4*k + 16. Let n = 0 - k. What is the units digit of (n - -1)*(-1 - -2)?
1
Let m = -134 + 206. What is the tens digit of m?
7
Suppose 120 = 2*g + g. What is the tens digit of g?
4
Let j(t) = -t**3 + 4*t**2 + 4*t. Let c(h) = 2*h**3 - 5*h**2 - 4*h - 1. Let q(v) = 3*c(v) + 4*j(v). What is the units digit of q(2)?
5
What is the tens digit of (3 + -2)/(-1)*-57?
5
Let v(t) = 29*t**2 + t - 1. What is the units digit of v(1)?
9
Let x be (-1)/(-3) + (-8)/(-3). Suppose -3*v = x*p + 3 - 15, 0 = -v - 4*p + 13. Suppose -v = -d - 0. What is the units digit of d?
1
Let a be 2/4*(-2 - -2). Suppose a = 4*z - 98 - 26. What is the tens digit of z?
3
Suppose 7*r - 1906 = 411. What is the units digit of r?
1
Suppose -o + 96 = 5*a - 99, 5*a + 4*o - 180 = 0. What is the tens digit of a?
4
Suppose -60 - 6 = 2*z. Let q = 67 + z. What is the tens digit of q?
3
Suppose x - 6 = -3. Suppose -x*h + 16 = -2. What is the units digit of h?
6
Let l(v) = -2*v + 18. What is the tens digit of l(0)?
1
Let f(s) = -s**3 + 3*s**2 + 5*s + 1. Let o be f(4). Suppose -o*z + 61 = -0*t - 2*t, -50 = -4*z + t. What is the tens digit of z?
1
Let z(j) = j**3 - 6*j**2 - 7*j + 10. Let d be z(7). Suppose 2*l = -l + 5*p - d, 2*p - 4 = -5*l. Suppose l = t - 3*t + 22. What is the units digit of t?
1
Suppose h - 7 = -2. Suppose q + 20 = 4*p, -5*p + 28 = 3*q - h*q. Suppose p = r, -5*y - 4*r + 36 = -45. What is the tens digit of y?
1
Suppose 0 = -n + 3*d + 6 + 8, 0 = -3*n - 5*d - 14. What is the units digit of n?
2
Suppose -g + 3*t + 39 = -2*g, t + 3 = 0. Let b = 42 + g. Let z = b + -5. What is the units digit of z?
7
Let g = -34 + 39. Let d be 26/6 + 2/(-6). Suppose g = s + d. What is the units digit of s?
1
Suppose 3*t + 25 = 163. Let m = -31 + t. Suppose m = 2*v + 3*z - 4*z, -3*z = 9. What is the units digit of v?
6
Let x be (6/5)/(2/5). Suppose t - x*g = -g - 4, -3*g = 5*t - 19. What is the units digit of t?
2
Let u = -64 - -153. What is the tens digit of u?
8
Let w = -10 + 52. Suppose -14*u = -12*u - w. What is the tens digit of u?
2
Let m(z) be the first derivative of -3*z**2/2 + 5*z + 3. What is the units digit of m(-4)?
7
Suppose -4*b = 4*o - 68, -2*o + 23 + 8 = 3*b. What is the tens digit of o?
2
Let t(u) = u - 2. Let a be t(5). Suppose -20 = -5*i + a*i. Let z = i - 3. What is the units digit of z?
7
Let y(l) = -l. Let c be y(2). Let f = 6 + c. What is the units digit of f?
4
Let j(d) = -d**3 + 6*d**2 - 3. Let w be j(6). What is the units digit of w*24/(-9) - 0?
8
Suppose -2*c = -3*j - 32, 4*c + 46 = -7*j + 2*j. What is the units digit of 5/(j/4)*-2?
4
Let m = 171 + -69. What is the tens digit of m?
0
Suppose 7*f + 24 = 3*f. Suppose -2*z + 0*p + 5*p = -14, 0 = -4*p - 16. Let y = z - f. What is the units digit of y?
3
What is the units digit of 8/(-28) - (-58)/7?
8
Let m(c) = c. What is the units digit of m(12)?
2
Let i = -179 - -250. What is the units digit of i?
1
Suppose -3*v + 20 = 2*v. Suppose 3*r - 4 = 8. Suppose 0 = v*t + g - 35, r*t + 0*t = -2*g + 34. What is the units digit of t?
9
Let k(c) = 2*c**2 - 2*c - 1. Suppose -j + 2*g + 8 + 0 = 0, 0 = -j + 4*g + 14. Let i be k(j). Suppose -i*u - 1 = -31. What is the units digit of u?
0
Let p = 2 + -9. Let r be 1 + -1 - (2 + p). Suppose 4*m = r*m - 11. What is the tens digit of m?
1
Let n(r) = 7*r - 2*r - 5 + 3 + 3 + r**2. What is the units digit of n(-5)?
1
Let q(m) = -7*m + 4. What is the tens digit of q(-4)?
3
Let u = 11 + 61. What is the units digit of u?
2
Suppose 0 = -5*u + 72 + 63. What is the units digit of u?
7
Suppose -q = -y - 28, 3*q - 2*y - 2*y - 81 = 0. What is the units digit of q?
1
Let a(k) = 3*k - 6. Let y be a(-5). Let d be (4/(-10))/((-1)/85). Let w = y + d. What is the tens digit of w?
1
Suppose -3*f + 94 = 25. What is the units digit of f?
3
Let u be (0 + -7)*(-8)/28. Let x be 7/1 - u - -1. Suppose 0 = -3*z + 2*c - 2, -3*z + x = 2*z - c. What is the units digit of z?
2
Let f = 6 + -6. Suppose 0 = 4*i - 5*i + 3. Suppose 0 = i*d - 24 - f. What is the units digit of d?
8
Let h = -1 - -4. Suppose i - q = 1, -2*q - 3 = -3*i + h. Let v = 10 - i. What is the units digit of v?
6
Let v(z) be the first derivative of -z**3/2 - 3*z**2 + 2*z - 2. Let r(m) be the first derivative of v(m). What is the units digit of r(-4)?
6
Let n(a) = 2 + 0 + 2 + 2*a**2 + 7*a + 1. What is the units digit of n(-4)?
9
Let m = 12 + 5. What is the units digit of m?
7
Suppose 2*r = -5*q + 216, 2*q - 4 = -0*q. Let v = r + -72. What is the tens digit of v?
3
What is the units digit of (-6)/2 + -1 + 39?
5
Let u(n) = -7*n + 2. What is the units digit of u(-6)?
4
Suppose v + v - 26 = 0. What is the units digit of v?
3
Let u(m) = -m**3 + 7*m**2 - 6*m - 3. What is the units digit of u(4)?
1
Let u be 1*-16 + 4/2. Let w = u - -9. Let l = 10 + w. What is the units digit of l?
5
Let i(t) = -10*t + 38. What is the units digit of i(-3)?
8
Suppose 0 = -m - 2 + 10. Let c(w) = w**3 - 9*w**2 + 9*w - 6. What is the units digit of c(m)?
2
Suppose -3*t = -4*t + 2, t + 4 = 3*s. S